{"id":12030,"date":"2025-05-26T21:40:32","date_gmt":"2025-05-26T18:40:32","guid":{"rendered":"https:\/\/jacos.com.tr\/?post_type=product&#038;p=12030"},"modified":"2025-05-26T21:44:06","modified_gmt":"2025-05-26T18:44:06","slug":"humidifier-hava-nemlendirici-difuzor-ve-3-adet-ucucu-yagi-ile-birlikte-japon-kiraz-fransiz-gulu-yasemin","status":"publish","type":"product","link":"https:\/\/jacos.com.tr\/index.php\/product\/humidifier-hava-nemlendirici-difuzor-ve-3-adet-ucucu-yagi-ile-birlikte-japon-kiraz-fransiz-gulu-yasemin\/","title":{"rendered":"Humidifier Hava Nemlendirici Dif\u00fcz\u00f6r ve 3 adet U\u00e7ucu Ya\u011f\u0131 ile birlikte Japon Kiraz, Frans\u0131z G\u00fcl\u00fc, Yasemin"},"content":{"rendered":"<div class=\"detail-name-container\">\n<h3 class=\"detail-name\">Humidifier Hava Nemlendirici Dif\u00fcz\u00f6r ve 3 adet U\u00e7ucu Ya\u011f\u0131 ile birlikte Japon Kiraz, Frans\u0131z G\u00fcl\u00fc, Yasemin<\/h3>\n<\/div>\n<div class=\"productDetailSupplierPopup\">\n<div class=\"popupContent\">\n<div class=\"popup-top\">\n<div class=\"popup-logo\"><\/div>\n<div class=\"popup-info\">\n<div class=\"attributes\">\n<p>&nbsp;<\/p>\n<ul>\n<li>Dif\u00fcz\u00f6r yan\u0131nda 3 adet essansiel ya\u011f ile g\u00f6nderilecektir<\/li>\n<li>Kullanma talimat\u0131: 1- \u00dcr\u00fcn kapa\u011f\u0131n\u0131 \u00e7evirerek yukar\u0131 kald\u0131r\u0131n, 2- Hazneye su doldurun, 3- Usb g\u00fc\u00e7 kablosunu tak\u0131n, 4- Tu\u015fa bir kez dokunarak \u00e7al\u0131\u015ft\u0131r\u0131n, 5- Tu\u015fa bas\u0131l\u0131 tuttu\u011funuz zaman, led \u0131\u015f\u0131k yanmaktad\u0131r.<\/li>\n<li>6- Tu\u015fa ikinci kez dokundu\u011funuzda, p\u00fcsk\u00fcrtme modu s\u00fcrekli p\u00fcsk\u00fcrtme modundan, aral\u0131kl\u0131 p\u00fcsk\u00fcrtme moduna ge\u00e7mektedir.<\/li>\n<li>\u00d6zellikler: Nominal giri\u015f: Dc5v \/ 1a \u00e7al\u0131\u015fma ak\u0131m\u0131: 250-350ma planlanan kapatma s\u00fcresi: 4s \/ 6s p\u00fcsk\u00fcrtme hacmi: 30-45ml \/ h boyut: 119 * 78 * 78mm \/ 4.69 * 3.07 * 3.07 &#8221; renk: Beyaz \/ pembe \/ lacivert not:1. I\u015f\u0131k ve ekran fark\u0131 nedeniyle, \u00fcr\u00fcn rengi resimlerden biraz farkl\u0131 olabilir.<\/li>\n<li>2. \u00dcr\u00fcnler detayl\u0131 bir kalite kontrol ve test s\u00fcrecinden ge\u00e7irilmi\u015ftir.<\/li>\n<li>\u00c7al\u0131\u015fmayan ya da kusurlu aksam\u0131 olan cihazlar asla g\u00f6nderilmez.<\/li>\n<li>\u00dcr\u00fcn paketlemesi \u00f6zenlice yap\u0131lmaktad\u0131r.<\/li>\n<li>Dolay\u0131s\u0131yla keyfi sebeplerden dolay\u0131 olu\u015fturalacak iade talepleri kabul edilmeyecektir.<\/li>\n<li>(usb g\u00fc\u00e7 kablosunu tak\u0131n, \u00fcr\u00fcn \u015farjl\u0131 de\u011fildir.<\/li>\n<li>G\u00fc\u00e7 kayna\u011f\u0131na ba\u011fl\u0131 olarak \u00e7al\u0131\u015fmaktad\u0131r.<\/li>\n<\/ul>\n<\/div>\n<\/div>\n<\/div>\n<\/div>\n<\/div>\n<p>&nbsp;<\/p>\n","protected":false},"excerpt":{"rendered":"<p>Humidifier Hava Nemlendirici Dif\u00fcz\u00f6r ve 3 adet U\u00e7ucu Ya\u011f\u0131 ile birlikte Japon Kiraz, Frans\u0131z G\u00fcl\u00fc, Yasemin &nbsp; Dif\u00fcz\u00f6r yan\u0131nda 3<\/p>\n","protected":false},"featured_media":12032,"comment_status":"open","ping_status":"closed","template":"","meta":{"_joinchat":[]},"product_brand":[],"product_cat":[77,15],"product_tag":[],"class_list":{"0":"post-12030","1":"product","2":"type-product","3":"status-publish","4":"has-post-thumbnail","6":"product_cat-difuzorler","7":"product_cat-genel","8":"_wholesalex wsx-wholesalex-product","10":"first","11":"instock","12":"sale","13":"taxable","14":"shipping-taxable","15":"purchasable","16":"product-type-simple"},"jetpack_sharing_enabled":true,"_links":{"self":[{"href":"https:\/\/jacos.com.tr\/index.php\/wp-json\/wp\/v2\/product\/12030","targetHints":{"allow":["GET"]}}],"collection":[{"href":"https:\/\/jacos.com.tr\/index.php\/wp-json\/wp\/v2\/product"}],"about":[{"href":"https:\/\/jacos.com.tr\/index.php\/wp-json\/wp\/v2\/types\/product"}],"replies":[{"embeddable":true,"href":"https:\/\/jacos.com.tr\/index.php\/wp-json\/wp\/v2\/comments?post=12030"}],"version-history":[{"count":2,"href":"https:\/\/jacos.com.tr\/index.php\/wp-json\/wp\/v2\/product\/12030\/revisions"}],"predecessor-version":[{"id":12040,"href":"https:\/\/jacos.com.tr\/index.php\/wp-json\/wp\/v2\/product\/12030\/revisions\/12040"}],"wp:featuredmedia":[{"embeddable":true,"href":"https:\/\/jacos.com.tr\/index.php\/wp-json\/wp\/v2\/media\/12032"}],"wp:attachment":[{"href":"https:\/\/jacos.com.tr\/index.php\/wp-json\/wp\/v2\/media?parent=12030"}],"wp:term":[{"taxonomy":"product_brand","embeddable":true,"href":"https:\/\/jacos.com.tr\/index.php\/wp-json\/wp\/v2\/product_brand?post=12030"},{"taxonomy":"product_cat","embeddable":true,"href":"https:\/\/jacos.com.tr\/index.php\/wp-json\/wp\/v2\/product_cat?post=12030"},{"taxonomy":"product_tag","embeddable":true,"href":"https:\/\/jacos.com.tr\/index.php\/wp-json\/wp\/v2\/product_tag?post=12030"}],"curies":[{"name":"wp","href":"https:\/\/api.w.org\/{rel}","templated":true}]}}