{"id":11340,"date":"2024-12-02T19:38:37","date_gmt":"2024-12-02T16:38:37","guid":{"rendered":"https:\/\/jacos.com.tr\/?post_type=product&#038;p=11340"},"modified":"2024-12-02T19:51:08","modified_gmt":"2024-12-02T16:51:08","slug":"lavender-kokulu-lux-arac-parfumu-araba-kokusu-50ml","status":"publish","type":"product","link":"https:\/\/jacos.com.tr\/index.php\/product\/lavender-kokulu-lux-arac-parfumu-araba-kokusu-50ml\/","title":{"rendered":"Lavender kokulu L\u00fcx Ara\u00e7 Parf\u00fcm\u00fc araba kokusu 50ml"},"content":{"rendered":"<p><span data-sheets-root=\"1\">Lavender Kokulu L\u00fcx Ara\u00e7 Parf\u00fcm\u00fc 50ml<br \/>\nArac\u0131n\u0131za rahatlat\u0131c\u0131 lavanta kokusunu getirin! Lavender\u2019in huzur veren ve ferahlat\u0131c\u0131 notalar\u0131yla tasarlanan bu l\u00fcks ara\u00e7 parf\u00fcm\u00fc, yolculuklar\u0131n\u0131za dinginlik katar. Kal\u0131c\u0131 form\u00fcl\u00fc sayesinde uzun s\u00fcre etkisini korur. Estetik \u015fi\u015fe tasar\u0131m\u0131, \u015f\u0131kl\u0131k ve pratikli\u011fi bir araya getirir.<\/span><\/p>\n<p>\u00d6zellikler:<\/p>\n<p>Koku: Lavender<\/p>\n<p>Miktar: 50ml<\/p>\n<p>Uzun S\u00fcreli Kal\u0131c\u0131l\u0131k<\/p>\n<p>L\u00fcks ve \u015e\u0131k Tasar\u0131m<\/p>\n<p>Kolay Uygulama<\/p>\n<p>Lavanta bah\u00e7elerinin sakinle\u015ftirici esintisini arac\u0131n\u0131zda hissedin!<\/p>\n","protected":false},"excerpt":{"rendered":"<p>Lavender Kokulu L\u00fcx Ara\u00e7 Parf\u00fcm\u00fc 50ml Arac\u0131n\u0131za rahatlat\u0131c\u0131 lavanta kokusunu getirin! Lavender\u2019in huzur veren ve ferahlat\u0131c\u0131 notalar\u0131yla tasarlanan bu l\u00fcks<\/p>\n","protected":false},"featured_media":11396,"comment_status":"open","ping_status":"closed","template":"","meta":{"_joinchat":[]},"product_brand":[],"product_cat":[78,79],"product_tag":[],"class_list":{"0":"post-11340","1":"product","2":"type-product","3":"status-publish","4":"has-post-thumbnail","6":"product_cat-araba-kokulari","7":"product_cat-araba-parfumu","8":"_wholesalex wsx-wholesalex-product","10":"first","11":"instock","12":"taxable","13":"shipping-taxable","14":"purchasable","15":"product-type-simple"},"jetpack_sharing_enabled":true,"_links":{"self":[{"href":"https:\/\/jacos.com.tr\/index.php\/wp-json\/wp\/v2\/product\/11340","targetHints":{"allow":["GET"]}}],"collection":[{"href":"https:\/\/jacos.com.tr\/index.php\/wp-json\/wp\/v2\/product"}],"about":[{"href":"https:\/\/jacos.com.tr\/index.php\/wp-json\/wp\/v2\/types\/product"}],"replies":[{"embeddable":true,"href":"https:\/\/jacos.com.tr\/index.php\/wp-json\/wp\/v2\/comments?post=11340"}],"version-history":[{"count":2,"href":"https:\/\/jacos.com.tr\/index.php\/wp-json\/wp\/v2\/product\/11340\/revisions"}],"predecessor-version":[{"id":11399,"href":"https:\/\/jacos.com.tr\/index.php\/wp-json\/wp\/v2\/product\/11340\/revisions\/11399"}],"wp:featuredmedia":[{"embeddable":true,"href":"https:\/\/jacos.com.tr\/index.php\/wp-json\/wp\/v2\/media\/11396"}],"wp:attachment":[{"href":"https:\/\/jacos.com.tr\/index.php\/wp-json\/wp\/v2\/media?parent=11340"}],"wp:term":[{"taxonomy":"product_brand","embeddable":true,"href":"https:\/\/jacos.com.tr\/index.php\/wp-json\/wp\/v2\/product_brand?post=11340"},{"taxonomy":"product_cat","embeddable":true,"href":"https:\/\/jacos.com.tr\/index.php\/wp-json\/wp\/v2\/product_cat?post=11340"},{"taxonomy":"product_tag","embeddable":true,"href":"https:\/\/jacos.com.tr\/index.php\/wp-json\/wp\/v2\/product_tag?post=11340"}],"curies":[{"name":"wp","href":"https:\/\/api.w.org\/{rel}","templated":true}]}}