{"id":11339,"date":"2024-12-02T19:38:37","date_gmt":"2024-12-02T16:38:37","guid":{"rendered":"https:\/\/jacos.com.tr\/?post_type=product&#038;p=11339"},"modified":"2024-12-02T19:49:49","modified_gmt":"2024-12-02T16:49:49","slug":"jasmine-kokulu-lux-arac-parfumu-araba-kokusu-50ml","status":"publish","type":"product","link":"https:\/\/jacos.com.tr\/index.php\/product\/jasmine-kokulu-lux-arac-parfumu-araba-kokusu-50ml\/","title":{"rendered":"Jasmine kokulu L\u00fcx Ara\u00e7 Parf\u00fcm\u00fc araba kokusu 50ml"},"content":{"rendered":"<p><span data-sheets-root=\"1\">Jasmine Kokulu L\u00fcx Ara\u00e7 Parf\u00fcm\u00fc 50ml<br \/>\nArac\u0131n\u0131za yaseminin b\u00fcy\u00fcleyici kokusunu ta\u015f\u0131y\u0131n! Jasmine\u2019in zarif ve egzotik notalar\u0131yla her yolculu\u011fu daha keyifli hale getiren bu l\u00fcks ara\u00e7 parf\u00fcm\u00fc, kal\u0131c\u0131 form\u00fcl\u00fc sayesinde uzun s\u00fcre etkisini hissettirir. \u015e\u0131k ve kullan\u0131\u015fl\u0131 \u015fi\u015fe tasar\u0131m\u0131 ile estetik ve pratiklik bir arada.<\/span><\/p>\n<p>\u00d6zellikler:<\/p>\n<p>Koku: Yasemin<\/p>\n<p>Miktar: 50ml<\/p>\n<p>Uzun S\u00fcreli Kal\u0131c\u0131l\u0131k<\/p>\n<p>L\u00fcks ve \u015e\u0131k Tasar\u0131m<\/p>\n<p>Kolay Uygulama<\/p>\n<p>Yaseminin sofistike kokusuyla arac\u0131n\u0131zda huzurlu bir atmosfer yarat\u0131n!<\/p>\n","protected":false},"excerpt":{"rendered":"<p>Jasmine Kokulu L\u00fcx Ara\u00e7 Parf\u00fcm\u00fc 50ml Arac\u0131n\u0131za yaseminin b\u00fcy\u00fcleyici kokusunu ta\u015f\u0131y\u0131n! Jasmine\u2019in zarif ve egzotik notalar\u0131yla her yolculu\u011fu daha keyifli<\/p>\n","protected":false},"featured_media":11389,"comment_status":"open","ping_status":"closed","template":"","meta":{"_joinchat":[]},"product_brand":[],"product_cat":[78,79],"product_tag":[],"class_list":{"0":"post-11339","1":"product","2":"type-product","3":"status-publish","4":"has-post-thumbnail","6":"product_cat-araba-kokulari","7":"product_cat-araba-parfumu","8":"_wholesalex wsx-wholesalex-product","10":"first","11":"instock","12":"taxable","13":"shipping-taxable","14":"purchasable","15":"product-type-simple"},"jetpack_sharing_enabled":true,"_links":{"self":[{"href":"https:\/\/jacos.com.tr\/index.php\/wp-json\/wp\/v2\/product\/11339","targetHints":{"allow":["GET"]}}],"collection":[{"href":"https:\/\/jacos.com.tr\/index.php\/wp-json\/wp\/v2\/product"}],"about":[{"href":"https:\/\/jacos.com.tr\/index.php\/wp-json\/wp\/v2\/types\/product"}],"replies":[{"embeddable":true,"href":"https:\/\/jacos.com.tr\/index.php\/wp-json\/wp\/v2\/comments?post=11339"}],"version-history":[{"count":2,"href":"https:\/\/jacos.com.tr\/index.php\/wp-json\/wp\/v2\/product\/11339\/revisions"}],"predecessor-version":[{"id":11393,"href":"https:\/\/jacos.com.tr\/index.php\/wp-json\/wp\/v2\/product\/11339\/revisions\/11393"}],"wp:featuredmedia":[{"embeddable":true,"href":"https:\/\/jacos.com.tr\/index.php\/wp-json\/wp\/v2\/media\/11389"}],"wp:attachment":[{"href":"https:\/\/jacos.com.tr\/index.php\/wp-json\/wp\/v2\/media?parent=11339"}],"wp:term":[{"taxonomy":"product_brand","embeddable":true,"href":"https:\/\/jacos.com.tr\/index.php\/wp-json\/wp\/v2\/product_brand?post=11339"},{"taxonomy":"product_cat","embeddable":true,"href":"https:\/\/jacos.com.tr\/index.php\/wp-json\/wp\/v2\/product_cat?post=11339"},{"taxonomy":"product_tag","embeddable":true,"href":"https:\/\/jacos.com.tr\/index.php\/wp-json\/wp\/v2\/product_tag?post=11339"}],"curies":[{"name":"wp","href":"https:\/\/api.w.org\/{rel}","templated":true}]}}