{"id":11338,"date":"2024-12-02T19:38:36","date_gmt":"2024-12-02T16:38:36","guid":{"rendered":"https:\/\/jacos.com.tr\/?post_type=product&#038;p=11338"},"modified":"2024-12-02T19:55:40","modified_gmt":"2024-12-02T16:55:40","slug":"hyacinth-sumbul-kokulu-lux-arac-parfumu-araba-kokusu-50ml","status":"publish","type":"product","link":"https:\/\/jacos.com.tr\/index.php\/product\/hyacinth-sumbul-kokulu-lux-arac-parfumu-araba-kokusu-50ml\/","title":{"rendered":"Hyacinth S\u00fcmb\u00fcl kokulu L\u00fcx Ara\u00e7 Parf\u00fcm\u00fc araba kokusu 50ml"},"content":{"rendered":"<p><span data-sheets-root=\"1\">Hyacinth Kokulu L\u00fcx Ara\u00e7 Parf\u00fcm\u00fc 50ml<br \/>\nArac\u0131n\u0131za tazelik ve zarafet kat\u0131n! Hyacinth\u2019in benzersiz \u00e7i\u00e7ek notalar\u0131yla harmanlanan bu l\u00fcks ara\u00e7 parf\u00fcm\u00fc, her yolculu\u011funuzu ferah ve huzurlu bir atmosfere d\u00f6n\u00fc\u015ft\u00fcr\u00fcr. Kal\u0131c\u0131 ve yo\u011fun esans\u0131 sayesinde etkisini uzun s\u00fcre korur. \u00d6zel tasar\u0131ml\u0131 \u015fi\u015fesiyle \u015f\u0131kl\u0131\u011f\u0131 ve kullan\u0131\u015fl\u0131l\u0131\u011f\u0131 bir araya getirir.<\/span><\/p>\n<p>\u00d6zellikler:<\/p>\n<p>Koku: Hyacinth<\/p>\n<p>Miktar: 50ml<\/p>\n<p>Uzun S\u00fcreli Kal\u0131c\u0131l\u0131k<\/p>\n<p>L\u00fcks ve \u015e\u0131k Tasar\u0131m<\/p>\n<p>Kolay Uygulama<\/p>\n<p>Arac\u0131n\u0131zda bahar\u0131n taze ve ferah kokusunu hissedin!<\/p>\n","protected":false},"excerpt":{"rendered":"<p>Hyacinth Kokulu L\u00fcx Ara\u00e7 Parf\u00fcm\u00fc 50ml Arac\u0131n\u0131za tazelik ve zarafet kat\u0131n! Hyacinth\u2019in benzersiz \u00e7i\u00e7ek notalar\u0131yla harmanlanan bu l\u00fcks ara\u00e7 parf\u00fcm\u00fc,<\/p>\n","protected":false},"featured_media":11414,"comment_status":"open","ping_status":"closed","template":"","meta":{"_joinchat":[]},"product_brand":[],"product_cat":[78,79],"product_tag":[],"class_list":{"0":"post-11338","1":"product","2":"type-product","3":"status-publish","4":"has-post-thumbnail","6":"product_cat-araba-kokulari","7":"product_cat-araba-parfumu","8":"_wholesalex wsx-wholesalex-product","10":"first","11":"instock","12":"taxable","13":"shipping-taxable","14":"purchasable","15":"product-type-simple"},"jetpack_sharing_enabled":true,"_links":{"self":[{"href":"https:\/\/jacos.com.tr\/index.php\/wp-json\/wp\/v2\/product\/11338","targetHints":{"allow":["GET"]}}],"collection":[{"href":"https:\/\/jacos.com.tr\/index.php\/wp-json\/wp\/v2\/product"}],"about":[{"href":"https:\/\/jacos.com.tr\/index.php\/wp-json\/wp\/v2\/types\/product"}],"replies":[{"embeddable":true,"href":"https:\/\/jacos.com.tr\/index.php\/wp-json\/wp\/v2\/comments?post=11338"}],"version-history":[{"count":2,"href":"https:\/\/jacos.com.tr\/index.php\/wp-json\/wp\/v2\/product\/11338\/revisions"}],"predecessor-version":[{"id":11416,"href":"https:\/\/jacos.com.tr\/index.php\/wp-json\/wp\/v2\/product\/11338\/revisions\/11416"}],"wp:featuredmedia":[{"embeddable":true,"href":"https:\/\/jacos.com.tr\/index.php\/wp-json\/wp\/v2\/media\/11414"}],"wp:attachment":[{"href":"https:\/\/jacos.com.tr\/index.php\/wp-json\/wp\/v2\/media?parent=11338"}],"wp:term":[{"taxonomy":"product_brand","embeddable":true,"href":"https:\/\/jacos.com.tr\/index.php\/wp-json\/wp\/v2\/product_brand?post=11338"},{"taxonomy":"product_cat","embeddable":true,"href":"https:\/\/jacos.com.tr\/index.php\/wp-json\/wp\/v2\/product_cat?post=11338"},{"taxonomy":"product_tag","embeddable":true,"href":"https:\/\/jacos.com.tr\/index.php\/wp-json\/wp\/v2\/product_tag?post=11338"}],"curies":[{"name":"wp","href":"https:\/\/api.w.org\/{rel}","templated":true}]}}