{"id":11335,"date":"2024-12-02T19:38:35","date_gmt":"2024-12-02T16:38:35","guid":{"rendered":"https:\/\/jacos.com.tr\/?post_type=product&#038;p=11335"},"modified":"2024-12-02T19:38:39","modified_gmt":"2024-12-02T16:38:39","slug":"cherry-blossom-kiraz-cicegi-kokulu-lux-arac-parfumu-araba-kokusu-50ml","status":"publish","type":"product","link":"https:\/\/jacos.com.tr\/index.php\/product\/cherry-blossom-kiraz-cicegi-kokulu-lux-arac-parfumu-araba-kokusu-50ml\/","title":{"rendered":"Cherry Blossom Kiraz \u00c7i\u00e7e\u011fi kokulu L\u00fcx Ara\u00e7 Parf\u00fcm\u00fc araba kokusu 50ml"},"content":{"rendered":"<p><span data-sheets-root=\"1\">Cherry Blossom Kokulu L\u00fcx Ara\u00e7 Parf\u00fcm\u00fc 50ml<br \/>\nArac\u0131n\u0131za bahar\u0131n tazeli\u011fini ta\u015f\u0131y\u0131n! Cherry Blossom\u2019un zarif ve ferahlat\u0131c\u0131 \u00e7i\u00e7ek notalar\u0131yla tasarlanan bu l\u00fcks ara\u00e7 parf\u00fcm\u00fc, her yolculu\u011fu huzur dolu anlara d\u00f6n\u00fc\u015ft\u00fcr\u00fcr. Kal\u0131c\u0131 form\u00fcl\u00fc sayesinde g\u00fcn boyu etkisini hissettirir. \u00d6zel \u015fi\u015fesi ile hem estetik bir dokunu\u015f sunar hem de pratik kullan\u0131m imk\u00e2n\u0131 sa\u011flar.<\/p>\n<p>\u00d6zellikler:<\/p>\n<p>Koku: Cherry Blossom<\/p>\n<p>Miktar: 50ml<\/p>\n<p>Uzun S\u00fcreli Kal\u0131c\u0131l\u0131k<\/p>\n<p>L\u00fcks ve \u015e\u0131k Tasar\u0131m<\/p>\n<p>Kolay Uygulama<\/p>\n<p>Do\u011fan\u0131n narin \u00e7i\u00e7ek kokusuyla arac\u0131n\u0131zda ferah bir ambiyans yarat\u0131n!<\/span><\/p>\n","protected":false},"excerpt":{"rendered":"<p>Cherry Blossom Kokulu L\u00fcx Ara\u00e7 Parf\u00fcm\u00fc 50ml Arac\u0131n\u0131za bahar\u0131n tazeli\u011fini ta\u015f\u0131y\u0131n! Cherry Blossom\u2019un zarif ve ferahlat\u0131c\u0131 \u00e7i\u00e7ek notalar\u0131yla tasarlanan bu<\/p>\n","protected":false},"featured_media":11332,"comment_status":"open","ping_status":"closed","template":"","meta":{"_joinchat":[]},"product_brand":[],"product_cat":[78,79],"product_tag":[],"class_list":{"0":"post-11335","1":"product","2":"type-product","3":"status-publish","4":"has-post-thumbnail","6":"product_cat-araba-kokulari","7":"product_cat-araba-parfumu","8":"_wholesalex wsx-wholesalex-product","10":"first","11":"instock","12":"taxable","13":"shipping-taxable","14":"purchasable","15":"product-type-simple"},"jetpack_sharing_enabled":true,"_links":{"self":[{"href":"https:\/\/jacos.com.tr\/index.php\/wp-json\/wp\/v2\/product\/11335","targetHints":{"allow":["GET"]}}],"collection":[{"href":"https:\/\/jacos.com.tr\/index.php\/wp-json\/wp\/v2\/product"}],"about":[{"href":"https:\/\/jacos.com.tr\/index.php\/wp-json\/wp\/v2\/types\/product"}],"replies":[{"embeddable":true,"href":"https:\/\/jacos.com.tr\/index.php\/wp-json\/wp\/v2\/comments?post=11335"}],"version-history":[{"count":1,"href":"https:\/\/jacos.com.tr\/index.php\/wp-json\/wp\/v2\/product\/11335\/revisions"}],"predecessor-version":[{"id":11348,"href":"https:\/\/jacos.com.tr\/index.php\/wp-json\/wp\/v2\/product\/11335\/revisions\/11348"}],"wp:featuredmedia":[{"embeddable":true,"href":"https:\/\/jacos.com.tr\/index.php\/wp-json\/wp\/v2\/media\/11332"}],"wp:attachment":[{"href":"https:\/\/jacos.com.tr\/index.php\/wp-json\/wp\/v2\/media?parent=11335"}],"wp:term":[{"taxonomy":"product_brand","embeddable":true,"href":"https:\/\/jacos.com.tr\/index.php\/wp-json\/wp\/v2\/product_brand?post=11335"},{"taxonomy":"product_cat","embeddable":true,"href":"https:\/\/jacos.com.tr\/index.php\/wp-json\/wp\/v2\/product_cat?post=11335"},{"taxonomy":"product_tag","embeddable":true,"href":"https:\/\/jacos.com.tr\/index.php\/wp-json\/wp\/v2\/product_tag?post=11335"}],"curies":[{"name":"wp","href":"https:\/\/api.w.org\/{rel}","templated":true}]}}