{"id":10954,"date":"2024-10-02T03:36:49","date_gmt":"2024-10-02T00:36:49","guid":{"rendered":"https:\/\/jacos.com.tr\/?post_type=product&#038;p=10954"},"modified":"2024-10-02T03:36:50","modified_gmt":"2024-10-02T00:36:50","slug":"12li-ekonomi-set-esansiyel-ucucu-yagi-buhardanlik-difuzor-esansi-oda-kokusu-4","status":"publish","type":"product","link":"https:\/\/jacos.com.tr\/index.php\/product\/12li-ekonomi-set-esansiyel-ucucu-yagi-buhardanlik-difuzor-esansi-oda-kokusu-4\/","title":{"rendered":"12&#8217;li Ekonomi SET Esansiyel U\u00e7ucu Ya\u011f\u0131 Buhardanl\u0131k Dif\u00fcz\u00f6r Esans\u0131 Oda Kokusu"},"content":{"rendered":"<p>Sandal Egzotik: Sandal a\u011fac\u0131n\u0131n egzotik ve odunsu kokusu, mek\u00e2nlara mistik bir hava ve s\u0131cakl\u0131k getirir. S\u00fcmb\u00fcl: Ho\u015f ve zarif kokusuyla mek\u00e2nlara bahar tazeli\u011fi ve \u00e7i\u00e7eksi bir dokunu\u015f katar. Yasemin \u00c7i\u00e7e\u011fi: B\u00fcy\u00fcleyici ve yumu\u015fak kokusuyla bulundu\u011fu ortama romantik bir hava katar, ferahl\u0131k sa\u011flar. \u00c7ikolata: Tatl\u0131 ve cezbedici kokusuyla bulundu\u011fu ortam\u0131 s\u0131cak ve samimi bir atmosfere d\u00f6n\u00fc\u015ft\u00fcr\u00fcr. Sandal A\u011fac\u0131: Sandal a\u011fac\u0131n\u0131n odunsu ve s\u0131cak kokusu, mek\u00e2nlara huzur verici bir dokunu\u015f ekler. Lotus \u00c7i\u00e7e\u011fi: Lotus \u00e7i\u00e7e\u011finin sakinle\u015ftirici ve hafif kokusu, ortam\u0131 dingin ve huzurlu k\u0131lar. Beyaz Sabun: Temizlik ve ferahl\u0131k hissi uyand\u0131rarak evinizin her k\u00f6\u015fesine tazelik katar. Akdeniz Esintisi: Akdeniz\u2019in ferahlat\u0131c\u0131, taze ve enerjik kokusunu ta\u015f\u0131yan bu esans, ortam\u0131 canland\u0131r\u0131r. Amber Romantik: Amber esans\u0131n\u0131n romantik ve s\u0131cak tonlar\u0131, bulundu\u011fu ortam\u0131 zarif ve ba\u015ftan \u00e7\u0131kar\u0131c\u0131 k\u0131lar. Japon Kiraz \u00c7i\u00e7e\u011fi: Hafif ve tatl\u0131 kokusuyla mek\u00e2nlara bahar\u0131n enerjisini ve zarafetini ta\u015f\u0131r. Y\u00fcksek Frekans: Enerji y\u00fckseltici etkisiyle bilinen bu esans, mek\u00e2nlara pozitif bir atmosfer ve canl\u0131l\u0131k kazand\u0131r\u0131r. Temizlik Ferahl\u0131\u011f\u0131: Temizlik sonras\u0131 tazeli\u011fi yans\u0131tan bu esans, ortama ferah ve temiz bir hava katar.<\/p>\n","protected":false},"excerpt":{"rendered":"<p>Sandal Egzotik: Sandal a\u011fac\u0131n\u0131n egzotik ve odunsu kokusu, mek\u00e2nlara mistik bir hava ve s\u0131cakl\u0131k getirir. S\u00fcmb\u00fcl: Ho\u015f ve zarif kokusuyla<\/p>\n","protected":false},"featured_media":10804,"comment_status":"open","ping_status":"closed","template":"","meta":{"_joinchat":[]},"product_brand":[],"product_cat":[15,16,72],"product_tag":[],"class_list":{"0":"post-10954","1":"product","2":"type-product","3":"status-publish","4":"has-post-thumbnail","6":"product_cat-genel","7":"product_cat-essansiel-yag","8":"product_cat-12li-set","9":"_wholesalex wsx-wholesalex-product","11":"first","12":"instock","13":"taxable","14":"shipping-taxable","15":"purchasable","16":"product-type-simple"},"jetpack_sharing_enabled":true,"_links":{"self":[{"href":"https:\/\/jacos.com.tr\/index.php\/wp-json\/wp\/v2\/product\/10954","targetHints":{"allow":["GET"]}}],"collection":[{"href":"https:\/\/jacos.com.tr\/index.php\/wp-json\/wp\/v2\/product"}],"about":[{"href":"https:\/\/jacos.com.tr\/index.php\/wp-json\/wp\/v2\/types\/product"}],"replies":[{"embeddable":true,"href":"https:\/\/jacos.com.tr\/index.php\/wp-json\/wp\/v2\/comments?post=10954"}],"version-history":[{"count":1,"href":"https:\/\/jacos.com.tr\/index.php\/wp-json\/wp\/v2\/product\/10954\/revisions"}],"predecessor-version":[{"id":10955,"href":"https:\/\/jacos.com.tr\/index.php\/wp-json\/wp\/v2\/product\/10954\/revisions\/10955"}],"wp:featuredmedia":[{"embeddable":true,"href":"https:\/\/jacos.com.tr\/index.php\/wp-json\/wp\/v2\/media\/10804"}],"wp:attachment":[{"href":"https:\/\/jacos.com.tr\/index.php\/wp-json\/wp\/v2\/media?parent=10954"}],"wp:term":[{"taxonomy":"product_brand","embeddable":true,"href":"https:\/\/jacos.com.tr\/index.php\/wp-json\/wp\/v2\/product_brand?post=10954"},{"taxonomy":"product_cat","embeddable":true,"href":"https:\/\/jacos.com.tr\/index.php\/wp-json\/wp\/v2\/product_cat?post=10954"},{"taxonomy":"product_tag","embeddable":true,"href":"https:\/\/jacos.com.tr\/index.php\/wp-json\/wp\/v2\/product_tag?post=10954"}],"curies":[{"name":"wp","href":"https:\/\/api.w.org\/{rel}","templated":true}]}}