{"id":10952,"date":"2024-10-02T03:36:45","date_gmt":"2024-10-02T00:36:45","guid":{"rendered":"https:\/\/jacos.com.tr\/?post_type=product&#038;p=10952"},"modified":"2024-10-02T03:36:46","modified_gmt":"2024-10-02T00:36:46","slug":"12li-ekonomi-set-esansiyel-ucucu-yagi-buhardanlik-difuzor-esansi-oda-kokusu-3","status":"publish","type":"product","link":"https:\/\/jacos.com.tr\/index.php\/product\/12li-ekonomi-set-esansiyel-ucucu-yagi-buhardanlik-difuzor-esansi-oda-kokusu-3\/","title":{"rendered":"12&#8217;li Ekonomi SET Esansiyel U\u00e7ucu Ya\u011f\u0131 Buhardanl\u0131k Dif\u00fcz\u00f6r Esans\u0131 Oda Kokusu"},"content":{"rendered":"<p>Sandal Egzotik: Sandal a\u011fac\u0131n\u0131n egzotik ve odunsu kokusu, mek\u00e2nlara mistik bir hava ve s\u0131cakl\u0131k getirir. Bebek Pudras\u0131: Yumu\u015fak ve nostaljik kokusuyla ortamlar\u0131 tatl\u0131 bir \u015fekilde sarar, tazelik hissi verir. Bergamot \u00c7i\u00e7e\u011fi: Ferahlat\u0131c\u0131 ve canl\u0131 bir koku sunan bergamot \u00e7i\u00e7e\u011fi esans\u0131, mek\u00e2nlara enerji ve tazelik katar. \u00c7ikolata: Tatl\u0131 ve cezbedici kokusuyla bulundu\u011fu ortam\u0131 s\u0131cak ve samimi bir atmosfere d\u00f6n\u00fc\u015ft\u00fcr\u00fcr. Ya\u011fmur Ormanlar\u0131: Do\u011fan\u0131n ferah ve taze kokusunu yans\u0131tan ya\u011fmur ormanlar\u0131 esans\u0131, canl\u0131l\u0131k ve huzur verir. S\u00fcmb\u00fcl: Ho\u015f ve zarif kokusuyla mek\u00e2nlara bahar tazeli\u011fi ve \u00e7i\u00e7eksi bir dokunu\u015f katar. Lilac Ekstra: Mor \u00e7i\u00e7eklerin hafif ve etkileyici kokusunu sunan lilac ekstra, ortamlar\u0131 zarif\u00e7e sarar. Baby Mist: Bebeklerin tazeli\u011fini ve safl\u0131\u011f\u0131n\u0131 yans\u0131tan bu koku, hafifli\u011fi ve yumu\u015fakl\u0131\u011f\u0131yla huzur verir. Beyaz Sabun: Temizlik ve ferahl\u0131k hissi uyand\u0131rarak evinizin her k\u00f6\u015fesine tazelik katar. G\u00fcl Bah\u00e7esi: G\u00fcllerin zarif ve \u015f\u0131k kokusunu ta\u015f\u0131yan bu esans, mek\u00e2nlara romantik bir dokunu\u015f ekler. Y\u00fcksek Frekans: Enerji y\u00fckseltici etkisiyle bilinen bu esans, mek\u00e2nlara pozitif bir atmosfer ve canl\u0131l\u0131k kazand\u0131r\u0131r. Vadi Zamba\u011f\u0131: Hafif ve ferahlat\u0131c\u0131 kokusuyla do\u011fan\u0131n safl\u0131\u011f\u0131n\u0131 mek\u00e2nlar\u0131n\u0131za ta\u015f\u0131r.  <\/p>\n","protected":false},"excerpt":{"rendered":"<p>Sandal Egzotik: Sandal a\u011fac\u0131n\u0131n egzotik ve odunsu kokusu, mek\u00e2nlara mistik bir hava ve s\u0131cakl\u0131k getirir. Bebek Pudras\u0131: Yumu\u015fak ve nostaljik<\/p>\n","protected":false},"featured_media":10803,"comment_status":"open","ping_status":"closed","template":"","meta":{"_joinchat":[]},"product_brand":[],"product_cat":[15,16,72],"product_tag":[],"class_list":{"0":"post-10952","1":"product","2":"type-product","3":"status-publish","4":"has-post-thumbnail","6":"product_cat-genel","7":"product_cat-essansiel-yag","8":"product_cat-12li-set","9":"_wholesalex wsx-wholesalex-product","11":"first","12":"instock","13":"taxable","14":"shipping-taxable","15":"purchasable","16":"product-type-simple"},"jetpack_sharing_enabled":true,"_links":{"self":[{"href":"https:\/\/jacos.com.tr\/index.php\/wp-json\/wp\/v2\/product\/10952","targetHints":{"allow":["GET"]}}],"collection":[{"href":"https:\/\/jacos.com.tr\/index.php\/wp-json\/wp\/v2\/product"}],"about":[{"href":"https:\/\/jacos.com.tr\/index.php\/wp-json\/wp\/v2\/types\/product"}],"replies":[{"embeddable":true,"href":"https:\/\/jacos.com.tr\/index.php\/wp-json\/wp\/v2\/comments?post=10952"}],"version-history":[{"count":1,"href":"https:\/\/jacos.com.tr\/index.php\/wp-json\/wp\/v2\/product\/10952\/revisions"}],"predecessor-version":[{"id":10953,"href":"https:\/\/jacos.com.tr\/index.php\/wp-json\/wp\/v2\/product\/10952\/revisions\/10953"}],"wp:featuredmedia":[{"embeddable":true,"href":"https:\/\/jacos.com.tr\/index.php\/wp-json\/wp\/v2\/media\/10803"}],"wp:attachment":[{"href":"https:\/\/jacos.com.tr\/index.php\/wp-json\/wp\/v2\/media?parent=10952"}],"wp:term":[{"taxonomy":"product_brand","embeddable":true,"href":"https:\/\/jacos.com.tr\/index.php\/wp-json\/wp\/v2\/product_brand?post=10952"},{"taxonomy":"product_cat","embeddable":true,"href":"https:\/\/jacos.com.tr\/index.php\/wp-json\/wp\/v2\/product_cat?post=10952"},{"taxonomy":"product_tag","embeddable":true,"href":"https:\/\/jacos.com.tr\/index.php\/wp-json\/wp\/v2\/product_tag?post=10952"}],"curies":[{"name":"wp","href":"https:\/\/api.w.org\/{rel}","templated":true}]}}