{"id":10918,"date":"2024-10-02T03:35:23","date_gmt":"2024-10-02T00:35:23","guid":{"rendered":"https:\/\/jacos.com.tr\/?post_type=product&#038;p=10918"},"modified":"2024-10-02T03:35:25","modified_gmt":"2024-10-02T00:35:25","slug":"6li-ekonomi-set-esansiyel-ucucu-yagi-buhardanlik-difuzor-esansi-oda-kokusu-9","status":"publish","type":"product","link":"https:\/\/jacos.com.tr\/index.php\/product\/6li-ekonomi-set-esansiyel-ucucu-yagi-buhardanlik-difuzor-esansi-oda-kokusu-9\/","title":{"rendered":"6&#8217;l\u0131 Ekonomi SET Esansiyel U\u00e7ucu Ya\u011f\u0131 Buhardanl\u0131k Dif\u00fcz\u00f6r Esans\u0131 Oda Kokusu"},"content":{"rendered":"<p>Japon kiraz \u00e7i\u00e7e\u011fi esansiyel ya\u011f\u0131, hafif ve zarif kokusuyla ruhunuzu dinlendirir ve enerji verir. Dinginlik arayanlar i\u00e7in ideal olan bu ya\u011f, meditasyon ve yoga seanslar\u0131 i\u00e7in m\u00fckemmeldir. Yumu\u015fak ve \u00e7i\u00e7eksi aromas\u0131yla evinize huzur katar. 2.Y\u00fcksek Frekans Esansiyel Ya\u011f\u0131 Enerjinizi y\u00fckseltmek ve ruh halinizi dengelemek i\u00e7in tasarlanm\u0131\u015f bu esansiyel ya\u011f, y\u00fcksek frekansl\u0131 bitkilerin \u00f6zlerinden elde edilmi\u015ftir. Yo\u011fun bir g\u00fcn\u00fcn ard\u0131ndan zihinsel berrakl\u0131k sa\u011flar ve motivasyonunuzu art\u0131r\u0131r. Aromaterapide kullan\u0131m i\u00e7in idealdir. Sandal a\u011fac\u0131n\u0131n egzotik ve odunsu notalar\u0131, bu esansiyel ya\u011f\u0131 sakinle\u015ftirici ve zihin a\u00e7\u0131c\u0131 bir hale getirir. Meditasyon, masaj veya evde rahatlat\u0131c\u0131 bir atmosfer yaratmak i\u00e7in kullanabilirsiniz. Sandal a\u011fac\u0131 ya\u011f\u0131, i\u00e7 huzur ve denge arayanlar i\u00e7in vazge\u00e7ilmezdir. Akdeniz\u2019in tazeleyici havas\u0131n\u0131 evinize ta\u015f\u0131yan bu esansiyel ya\u011f, narenciye ve otantik bitki \u00f6zlerinin harman\u0131d\u0131r. Ferahlat\u0131c\u0131 ve canland\u0131r\u0131c\u0131 etkisiyle ruhunuzu tazeler. Enerjinizi yenilemek ve pozitif bir atmosfer yaratmak i\u00e7in m\u00fckemmeldir. Ya\u011fmur ormanlar\u0131n\u0131n ferahl\u0131\u011f\u0131n\u0131 ve do\u011fall\u0131\u011f\u0131n\u0131 ya\u015fam alan\u0131n\u0131za getiren bu esansiyel ya\u011f, do\u011fayla ba\u011flant\u0131n\u0131z\u0131 g\u00fc\u00e7lendirir. Egzotik bitki \u00f6zleri ile zenginle\u015ftirilmi\u015f bu ya\u011f, stresi azalt\u0131r ve huzur verir. Do\u011fan\u0131n tazeleyici g\u00fcc\u00fcn\u00fc hissetmek i\u00e7in idealdir. Stresi azaltmak ve zihinsel rahatlama sa\u011flamak i\u00e7in \u00f6zel olarak form\u00fcle edilmi\u015f bu esansiyel ya\u011f, g\u00fcn\u00fcn yorgunlu\u011funu \u00fczerinizden atman\u0131za yard\u0131mc\u0131 olur. Rahatlat\u0131c\u0131 bitki \u00f6zleriyle zenginle\u015ftirilmi\u015f bu kar\u0131\u015f\u0131m, masaj, banyo ve aromaterapi i\u00e7in uygundur.<\/p>\n","protected":false},"excerpt":{"rendered":"<p>Japon kiraz \u00e7i\u00e7e\u011fi esansiyel ya\u011f\u0131, hafif ve zarif kokusuyla ruhunuzu dinlendirir ve enerji verir. Dinginlik arayanlar i\u00e7in ideal olan bu<\/p>\n","protected":false},"featured_media":10707,"comment_status":"open","ping_status":"closed","template":"","meta":{"_joinchat":[]},"product_brand":[],"product_cat":[15,16,71],"product_tag":[],"class_list":{"0":"post-10918","1":"product","2":"type-product","3":"status-publish","4":"has-post-thumbnail","6":"product_cat-genel","7":"product_cat-essansiel-yag","8":"product_cat-6li-set","9":"_wholesalex wsx-wholesalex-product","11":"first","12":"instock","13":"taxable","14":"shipping-taxable","15":"purchasable","16":"product-type-simple"},"jetpack_sharing_enabled":true,"_links":{"self":[{"href":"https:\/\/jacos.com.tr\/index.php\/wp-json\/wp\/v2\/product\/10918","targetHints":{"allow":["GET"]}}],"collection":[{"href":"https:\/\/jacos.com.tr\/index.php\/wp-json\/wp\/v2\/product"}],"about":[{"href":"https:\/\/jacos.com.tr\/index.php\/wp-json\/wp\/v2\/types\/product"}],"replies":[{"embeddable":true,"href":"https:\/\/jacos.com.tr\/index.php\/wp-json\/wp\/v2\/comments?post=10918"}],"version-history":[{"count":1,"href":"https:\/\/jacos.com.tr\/index.php\/wp-json\/wp\/v2\/product\/10918\/revisions"}],"predecessor-version":[{"id":10919,"href":"https:\/\/jacos.com.tr\/index.php\/wp-json\/wp\/v2\/product\/10918\/revisions\/10919"}],"wp:featuredmedia":[{"embeddable":true,"href":"https:\/\/jacos.com.tr\/index.php\/wp-json\/wp\/v2\/media\/10707"}],"wp:attachment":[{"href":"https:\/\/jacos.com.tr\/index.php\/wp-json\/wp\/v2\/media?parent=10918"}],"wp:term":[{"taxonomy":"product_brand","embeddable":true,"href":"https:\/\/jacos.com.tr\/index.php\/wp-json\/wp\/v2\/product_brand?post=10918"},{"taxonomy":"product_cat","embeddable":true,"href":"https:\/\/jacos.com.tr\/index.php\/wp-json\/wp\/v2\/product_cat?post=10918"},{"taxonomy":"product_tag","embeddable":true,"href":"https:\/\/jacos.com.tr\/index.php\/wp-json\/wp\/v2\/product_tag?post=10918"}],"curies":[{"name":"wp","href":"https:\/\/api.w.org\/{rel}","templated":true}]}}