{"id":10572,"date":"2024-10-01T00:30:17","date_gmt":"2024-09-30T21:30:17","guid":{"rendered":"https:\/\/jacos.com.tr\/?post_type=product&#038;p=10572"},"modified":"2024-10-01T19:05:44","modified_gmt":"2024-10-01T16:05:44","slug":"lavanta-amber-romantik-ve-bergamot-esansiyel-ucucu-yagi-difuzor-esansi-oda-kokusu-3lu-set","status":"publish","type":"product","link":"https:\/\/jacos.com.tr\/index.php\/product\/lavanta-amber-romantik-ve-bergamot-esansiyel-ucucu-yagi-difuzor-esansi-oda-kokusu-3lu-set\/","title":{"rendered":"Lavanta, Amber Romantik ve Bergamot Esansiyel U\u00e7ucu Ya\u011f\u0131 Dif\u00fcz\u00f6r Esans\u0131 Oda Kokusu 3&#8217;l\u00fc SET"},"content":{"rendered":"<p>Lavanta U\u00e7ucu Ya\u011f\u0131: Do\u011fan\u0131n sakinle\u015ftirici g\u00fcc\u00fcn\u00fc evine ta\u015f\u0131! Lavanta u\u00e7ucu ya\u011f\u0131, stresi azalt\u0131rken ruhunu dinlendirerek huzurlu bir atmosfer yarat\u0131r. Ba\u015f a\u011fr\u0131lar\u0131n\u0131 hafifletir, uyku kalitesini art\u0131r\u0131r ve antiseptik \u00f6zelli\u011fiyle ortam\u0131 temizler. Buhurdanl\u0131k, nemlendirici veya \u00e7ama\u015f\u0131r dolaplar\u0131nda kullan\u0131labilir. Do\u011fal temizlik \u00fcr\u00fcnlerinde ve mum yap\u0131m\u0131nda da tercih edilen lavanta ya\u011f\u0131, sinek ve b\u00f6cekleri uzak tutarak evini ferah bir ortama d\u00f6n\u00fc\u015ft\u00fcr\u00fcr.S\u00fcmb\u00fcl u\u00e7ucu ya\u011f\u0131, do\u011fal ve ferahlat\u0131c\u0131 bir aroma sunarak bir\u00e7ok alanda kullan\u0131labilir. Stresi azaltmak, ruh halini iyile\u015ftirmek, ba\u015f a\u011fr\u0131lar\u0131n\u0131 hafifletmek ve daha huzurlu bir uyku sa\u011flamak gibi faydalar\u0131 olan ya\u011fmur ormanlar\u0131 ya\u011f\u0131, antiseptik \u00f6zelliklere de sahiptir. Buhurdanl\u0131k, hava nemlendirici cihazlar ve \u00e7ama\u015f\u0131r dolaplar\u0131 gibi alanlarda kullan\u0131m\u0131 olduk\u00e7a uygundur. Ayr\u0131ca, mum yap\u0131m\u0131nda ve do\u011fal temizlik \u00e7\u00f6z\u00fcmleri olu\u015fturmak i\u00e7in de ideal bir tercihtir. Ya\u011fmur ormanlar\u0131 ya\u011f\u0131, ortam\u0131n\u0131za do\u011fal ve taze bir atmosfer katarken, sinek ve b\u00f6cekleri uzakla\u015ft\u0131rmak i\u00e7in de etkili bir \u00e7\u00f6z\u00fcmd\u00fcr. Evinizde do\u011fal bir ferahl\u0131k ve ho\u015f bir koku yaratmak istiyorsan\u0131z, ya\u011fmur ormanlar\u0131 u\u00e7ucu ya\u011f\u0131 m\u00fckemmel bir se\u00e7im olacakt\u0131r. Amber Romantik: Zaman\u0131n durdu\u011fu anlar\u0131n b\u00fcy\u00fcl\u00fc kokusu&#8230; Amber Romantik, s\u0131cak ve mistik notalar\u0131yla kalbinizi fetheder. Romantik anlara \u00f6zel olarak tasarlanan bu koku, tutkulu ve unutulmaz bir deneyim sunar. Bergamot \u00c7i\u00e7e\u011fi: Canland\u0131r\u0131c\u0131 ve enerji verici bir ba\u015flang\u0131\u00e7 i\u00e7in&#8230; Bergamot \u00c7i\u00e7e\u011fi, ferahlat\u0131c\u0131 bergamot notalar\u0131yla birlikte, greyfurtun canl\u0131 ve enerji veren etkisiyle harmanlanm\u0131\u015ft\u0131r. Yo\u011fun ge\u00e7en g\u00fcnlere zindelik katmak ve yarat\u0131c\u0131l\u0131\u011f\u0131n\u0131z\u0131 desteklemek i\u00e7in idealdir.<\/p>\n","protected":false},"excerpt":{"rendered":"<p>Lavanta U\u00e7ucu Ya\u011f\u0131: Do\u011fan\u0131n sakinle\u015ftirici g\u00fcc\u00fcn\u00fc evine ta\u015f\u0131! Lavanta u\u00e7ucu ya\u011f\u0131, stresi azalt\u0131rken ruhunu dinlendirerek huzurlu bir atmosfer yarat\u0131r. Ba\u015f<\/p>\n","protected":false},"featured_media":10486,"comment_status":"open","ping_status":"closed","template":"","meta":{"_joinchat":[]},"product_brand":[],"product_cat":[15,16,70],"product_tag":[],"class_list":{"0":"post-10572","1":"product","2":"type-product","3":"status-publish","4":"has-post-thumbnail","6":"product_cat-genel","7":"product_cat-essansiel-yag","8":"product_cat-3lu-set","9":"_wholesalex wsx-wholesalex-product","11":"first","12":"instock","13":"taxable","14":"shipping-taxable","15":"purchasable","16":"product-type-simple"},"jetpack_sharing_enabled":true,"_links":{"self":[{"href":"https:\/\/jacos.com.tr\/index.php\/wp-json\/wp\/v2\/product\/10572","targetHints":{"allow":["GET"]}}],"collection":[{"href":"https:\/\/jacos.com.tr\/index.php\/wp-json\/wp\/v2\/product"}],"about":[{"href":"https:\/\/jacos.com.tr\/index.php\/wp-json\/wp\/v2\/types\/product"}],"replies":[{"embeddable":true,"href":"https:\/\/jacos.com.tr\/index.php\/wp-json\/wp\/v2\/comments?post=10572"}],"version-history":[{"count":2,"href":"https:\/\/jacos.com.tr\/index.php\/wp-json\/wp\/v2\/product\/10572\/revisions"}],"predecessor-version":[{"id":10665,"href":"https:\/\/jacos.com.tr\/index.php\/wp-json\/wp\/v2\/product\/10572\/revisions\/10665"}],"wp:featuredmedia":[{"embeddable":true,"href":"https:\/\/jacos.com.tr\/index.php\/wp-json\/wp\/v2\/media\/10486"}],"wp:attachment":[{"href":"https:\/\/jacos.com.tr\/index.php\/wp-json\/wp\/v2\/media?parent=10572"}],"wp:term":[{"taxonomy":"product_brand","embeddable":true,"href":"https:\/\/jacos.com.tr\/index.php\/wp-json\/wp\/v2\/product_brand?post=10572"},{"taxonomy":"product_cat","embeddable":true,"href":"https:\/\/jacos.com.tr\/index.php\/wp-json\/wp\/v2\/product_cat?post=10572"},{"taxonomy":"product_tag","embeddable":true,"href":"https:\/\/jacos.com.tr\/index.php\/wp-json\/wp\/v2\/product_tag?post=10572"}],"curies":[{"name":"wp","href":"https:\/\/api.w.org\/{rel}","templated":true}]}}