{"id":10294,"date":"2024-09-26T20:00:25","date_gmt":"2024-09-26T17:00:25","guid":{"rendered":"https:\/\/jacos.com.tr\/?post_type=product&#038;p=10294"},"modified":"2026-01-20T19:46:11","modified_gmt":"2026-01-20T16:46:11","slug":"amber-romantik-ucucu-yagi-buhardanlik-difuzor-esansi-oda-kokusu-esansiyel-10-ml","status":"publish","type":"product","link":"https:\/\/jacos.com.tr\/index.php\/product\/amber-romantik-ucucu-yagi-buhardanlik-difuzor-esansi-oda-kokusu-esansiyel-10-ml\/","title":{"rendered":"Amber Romantik U\u00e7ucu Ya\u011f\u0131 Buhardanl\u0131k Dif\u00fcz\u00f6r Esans\u0131 Oda Kokusu Esansiyel 10 ml"},"content":{"rendered":"<p>Amber u\u00e7ucu ya\u011f\u0131, do\u011fal ve etkileyici bir aroma sunarak bir\u00e7ok alanda kullan\u0131labilir. Stresi azaltmak, ruh halini dengelemek, ba\u015f a\u011fr\u0131lar\u0131n\u0131 hafifletmek ve daha iyi bir uyku sa\u011flamak gibi faydalar\u0131 olan amber ya\u011f\u0131, antiseptik \u00f6zelliklere de sahiptir. Bu ya\u011f\u0131 buhurdanl\u0131k, hava nemlendirici cihazlar ve \u00e7ama\u015f\u0131r dolaplar\u0131 gibi alanlarda rahatl\u0131kla kullanabilirsiniz. Ayr\u0131ca, mum yap\u0131m\u0131nda ve do\u011fal temizlik \u00e7\u00f6z\u00fcmleri olu\u015fturmak i\u00e7in de m\u00fckemmel bir tercihtir. Amber ya\u011f\u0131, ortam\u0131n\u0131za romantik ve s\u0131cak bir atmosfer katarken, sinek ve b\u00f6cekleri uzakla\u015ft\u0131rmak i\u00e7in de ideal bir \u00e7\u00f6z\u00fcm sunar. Evinizde do\u011fal bir ferahl\u0131k ve ho\u015f bir koku yaratmak istiyorsan\u0131z, amber u\u00e7ucu ya\u011f\u0131 harika bir se\u00e7im olacakt\u0131r.<\/p>\n","protected":false},"excerpt":{"rendered":"<p>Amber u\u00e7ucu ya\u011f\u0131, do\u011fal ve etkileyici bir aroma sunarak bir\u00e7ok alanda kullan\u0131labilir. Stresi azaltmak, ruh halini dengelemek, ba\u015f a\u011fr\u0131lar\u0131n\u0131 hafifletmek<\/p>\n","protected":false},"featured_media":10295,"comment_status":"open","ping_status":"closed","template":"","meta":{"_joinchat":[]},"product_brand":[],"product_cat":[16,73,17],"product_tag":[],"class_list":{"0":"post-10294","1":"product","2":"type-product","3":"status-publish","4":"has-post-thumbnail","6":"product_cat-essansiel-yag","7":"product_cat-tekli","8":"product_cat-organik-yag","9":"_wholesalex wsx-wholesalex-product","11":"first","12":"instock","13":"taxable","14":"shipping-taxable","15":"purchasable","16":"product-type-simple"},"jetpack_sharing_enabled":true,"_links":{"self":[{"href":"https:\/\/jacos.com.tr\/index.php\/wp-json\/wp\/v2\/product\/10294","targetHints":{"allow":["GET"]}}],"collection":[{"href":"https:\/\/jacos.com.tr\/index.php\/wp-json\/wp\/v2\/product"}],"about":[{"href":"https:\/\/jacos.com.tr\/index.php\/wp-json\/wp\/v2\/types\/product"}],"replies":[{"embeddable":true,"href":"https:\/\/jacos.com.tr\/index.php\/wp-json\/wp\/v2\/comments?post=10294"}],"version-history":[{"count":1,"href":"https:\/\/jacos.com.tr\/index.php\/wp-json\/wp\/v2\/product\/10294\/revisions"}],"predecessor-version":[{"id":10296,"href":"https:\/\/jacos.com.tr\/index.php\/wp-json\/wp\/v2\/product\/10294\/revisions\/10296"}],"wp:featuredmedia":[{"embeddable":true,"href":"https:\/\/jacos.com.tr\/index.php\/wp-json\/wp\/v2\/media\/10295"}],"wp:attachment":[{"href":"https:\/\/jacos.com.tr\/index.php\/wp-json\/wp\/v2\/media?parent=10294"}],"wp:term":[{"taxonomy":"product_brand","embeddable":true,"href":"https:\/\/jacos.com.tr\/index.php\/wp-json\/wp\/v2\/product_brand?post=10294"},{"taxonomy":"product_cat","embeddable":true,"href":"https:\/\/jacos.com.tr\/index.php\/wp-json\/wp\/v2\/product_cat?post=10294"},{"taxonomy":"product_tag","embeddable":true,"href":"https:\/\/jacos.com.tr\/index.php\/wp-json\/wp\/v2\/product_tag?post=10294"}],"curies":[{"name":"wp","href":"https:\/\/api.w.org\/{rel}","templated":true}]}}